rime factors of r?
277
Suppose -2*j + 412 = 4*h - 2254, j = -h + 669. Suppose 0 = -3*p - 5*k + k - h, -2*k = 4*p + 872. Let m = -132 - p. List the prime factors of m.
2, 3, 7
Suppose -29*q + 27826 + 64828 = -56406. List the prime factors of q.
2, 5, 257
Suppose 6*d = 3*d + a + 15750, 5*d - 2*a - 26250 = 0. What are the prime factors of d?
2, 3, 5, 7
Let n = -46 - -45. Let c be (17 + -18)/(n/40). What are the prime factors of (72/c)/(1/5)?
3
Let c(h) = 2*h**2 - 5*h + 5. Let d be c(2). Suppose -3*a - 10*n - 447 = -7*n, -5*a = d*n + 751. Let b = -32 - a. What are the prime factors of b?
2, 3, 5
Let f be (0 - -1)/(14/252). Let j(p) = -p**2 + 7*p - 10 - 12 + 15*p + 1. List the prime factors of j(f).
3, 17
List the prime factors of ((-8019)/(-44))/(6*(-5)/(-80)).
2, 3
Let b(i) = 1 - 10 + 4 + i - 1. Let s be b(9). Suppose -2*n + 392 = -0*r - 3*r, -s*n = 5*r - 588. What are the prime factors of n?
2, 7
Let d be (13 - 6 - -39)*(-14)/(-4). Suppose -5*p + d = -204. List the prime factors of p.
73
Let p = -1 + 1. Suppose p = x - 240 - 170. Suppose -x = -8*u - 66. What are the prime factors of u?
43
Suppose 0 = -13*t + 15*t - 172. Let l = t + 175. Let s = -111 + l. List the prime factors of s.
2, 3, 5
Let z(k) = -k**3 - 10*k**2 - 7*k - 12. Let j be z(-10). Suppose 0 = -8*m + 246 - 62. Let h = j + m. What are the prime factors of h?
3
Let r = 69 - 64. Suppose 19*h = r*d + 15*h - 2554, -1546 = -3*d - h. What are the prime factors of d?
2, 257
Suppose -45*y + 19161 = -56439. What are the prime factors of y?
2, 3, 5, 7
Let u = -550 - -552. What are the prime factors of ((-8270)/35*(-7)/u)/1?
827
Suppose 57130 = 5*y + 3*s, 244*y - 242*y + 5*s = 22852. List the prime factors of y.
2, 29, 197
Let o(b) be the first derivative of 2*b**2 + 5*b - 10*b + 0 + 10 + 3*b**3 + 2*b. What are the prime factors of o(2)?
41
Suppose -o + 23*t = 19*t - 2506, 4*t = 3*o - 7558. Suppose -3*k + 645 = -o. What are the prime factors of k?
7, 151
Let n = 7137 + -967. List the prime factors of n.
2, 5, 617
Suppose 2*u - 17*h = 8234, -30 = 8*h - 3*h. What are the prime factors of u?
2, 19, 107
Suppose -5*p = 0, -z - 2*z + 3*p - 30 = 0. Let f(y) be the third derivative of -3*y**4/8 - 7*y**3/6 - 3*y**2 + 16*y. What are the prime factors of f(z)?
83
Suppose -162*v + 191*v = 480675. What are the prime factors of v?
3, 5, 13, 17
Let n(u) = 55*u**3 + 4*u**2 + u - 24. List the prime factors of n(5).
2, 37, 47
Suppose 4*b + 3*r - 801 = 10964, 2*b - 5886 = 2*r. Suppose 0 = -8*x + 2290 + b. What are the prime factors of x?
2, 3, 109
Let s(g) = 7*g**3 - 5*g**2 + 84*g - 137. List the prime factors of s(14).
19267
List the prime factors of 4 + 46913/2 + 5 + 11/(-2).
2, 3, 5, 17, 23
Let s be (-2 + -2 - -4)/3. Suppose s*i + 1512 = 4*q + 4*i, -5*i = q - 390. Suppose -2*x = -0*x - t - q, 4*x + 5*t - 715 = 0. What are the prime factors of x?
5, 37
Let l(g) = 510*g**3 + 5*g**2 + 6*g + 4. List the prime factors of l(4).
2, 3, 2729
Let g = -44 + 44. Suppose g = -2*d + 19 - 9. Suppose d*k - 19 = 11. What are the prime factors of k?
2, 3
Let k(n) = -31 + 8*n**3 - 42*n**2 + 3*n - 7*n**3 + 22*n**2. List the prime factors of k(20).
29
Suppose 5*n = -4*g + 28483 - 362, n + 4*g = 5621. Suppose -n = -4*t - 21*t. What are the prime factors of t?
3, 5
Suppose 25*f - 4454 = -254. Let w = -22 + f. What are the prime factors of w?
2, 73
Suppose 0*b = -10*b + 5*b. Suppose 4754 = 5*c - o, -6*c + 11*c - 4*o - 4766 = b. List the prime factors of c.
2, 5, 19
Suppose 34*l + 21882 = 5*z + 31*l, 4 = 4*l. What are the prime factors of z?
3, 1459
Let g(w) = w**2 + 5*w - 6. Let o be 10/15 - (92/3)/4. Let y be g(o). Suppose 0 = h - 4*c - y, 3*h - c + 66 = 7*h. List the prime factors of h.
2
Let i = -333 - -309. List the prime factors of 2/(-3)*23148/i.
643
Let g(a) = 6*a**2 - 10*a - 28. Let m = 402 + -392. What are the prime factors of g(m)?
2, 59
Suppose y - 32 = -4*h, -2*h + h - 5*y - 11 = 0. Let m(t) = -t**2 + 9*t - 2. Let o be m(h). List the prime factors of -211*(o - (-3)/3).
211
Let o(h) = 7*h - 27. Let t be o(8). Let c = 84 - t. Suppose -c*x = -52*x - 186. What are the prime factors of x?
2, 31
Suppose 0 = -2*u + 186*x - 187*x + 14295, 3*u + 5*x - 21467 = 0. List the prime factors of u.
2, 19, 47
List the prime factors of -3 + 9 + -13 + 11 + 1067.
3, 7, 17
Suppose d = -21*d + 451924. List the prime factors of d.
2, 10271
Let p be 1 + -1 - -550 - (-27 + 24). Suppose p = o - 3*a, 5*a = -4*o + 2*a + 2197. List the prime factors of o.
2, 5, 11
Let f = 66 + -12. Suppose f = 10*n - 26. Suppose 1059 - 403 = n*j. What are the prime factors of j?
2, 41
Suppose -2*k + 5*z = -1744 + 419, 5*z = -3*k + 1925. List the prime factors of k - -2 - (-24)/24.
653
Let y(h) be the second derivative of h**4/6 + 4*h**3 + h**2 - 39*h. Let j be y(-15). Suppose -j - 152 = -4*v. What are the prime factors of v?
61
Let t be -6*7/63*(-33)/2. Suppose t*z = 8*z - 6, -1507 = -5*m - 4*z. List the prime factors of m.
3, 101
Let x(o) be the third derivative of -o**4/12 - o**3/3 + 6*o**2. Let z be x(-18). Suppose -f + z = 13. What are the prime factors of f?
3, 7
What are the prime factors of (-18)/9 - (-6487 + 20)?
3, 5, 431
Suppose -12 = 2*w, 103*g + 3*w + 27588 = 108*g. What are the prime factors of g?
2, 3, 919
Let l = -87930 + 134830. What are the prime factors of l?
2, 5, 7, 67
Suppose -14*s + 16*s - 6884 = 2*j, 8 = -4*j. List the prime factors of s.
2, 5, 43
Suppose -5*c = 5*h + 10, 3*c + 5*h = -3 - 7. Suppose -5*n - 2*d = -1789, -5*n + 4*d + 1815 - 8 = c. List the prime factors of n.
359
Suppose -8 = 4*x, -5*h = 2*x - 111 - 105. Let i = h + 180. List the prime factors of i.
2, 7
Suppose -p - 42 = 157. Let g = 422 + p. List the prime factors of g.
223
Let z(g) = -8*g + 38. Let u be z(4). Suppose u*b - 979 = 2033. What are the prime factors of b?
2, 251
Suppose -75 = -5*k - 45. Suppose k*l = 9*l + 228. What are the prime factors of 4 - l/(-20) - 809/(-5)?
2, 3
Let k = 613 - -40346. What are the prime factors of k?
3, 37, 41
Suppose 2*c + c = 12. What are the prime factors of 132 + (c/14)/((-8)/(-56))?
2, 67
Let g(f) = -2*f**3 + 4*f**2 + 5. Let l be g(-4). List the prime factors of (79 - l)*3/((-3)/10).
2, 5, 59
Let q(k) = 3*k**3 + 4*k**2 - 36*k - 8. Let i be q(5). Suppose 0*u = -u - 82. Let o = i + u. List the prime factors of o.
5, 41
Let q(c) = 4*c**2 + 8*c - 5. Let m be q(-6). Suppose -m = -17*o + 79. List the prime factors of o.
2, 5
Suppose -16*w - 547308 = 33*w - 72*w. List the prime factors of w.
2, 3, 661
Let j be -5 + (8 - (-6 + 11)). List the prime factors of (52 + j)/((-34)/(-799)).
5, 47
Let p be (13 + 1)/(-7)*3/2. Let o(c) = -13*c**3 - 4*c**2 + c + 6. What are the prime factors of o(p)?
2, 3, 53
Let o(a) = -5*a - 30. Let u be o(-8). Suppose -3*g + 1 = -4*z - u, 3*z + 2*g + 21 = 0. Let r(s) = 6*s**2 + 2*s - 5. What are the prime factors of r(z)?
3, 5
Let i(p) = -4 + 1 + 1 - 32*p + 5. Let n be 6/9 + (-1)/(3/5). List the prime factors of i(n).
5, 7
Suppose 8*h = 20 + 20. Suppose 5*p - a - 1 = -9, h*p = -3*a - 16. List the prime factors of 116/1*(-2)/p.
2, 29
Let c(p) = -p**3 - p**2 + 4*p + 3. Let g be c(0). Suppose -m - 5547 - 836 = -5*x, -g = m. List the prime factors of x.
2, 11, 29
Let u be 63 - (6/10 + (-30)/50). Let o = u - 61. Suppose o*w - 113 = -t + 31, 0 = 2*t + w - 288. List the prime factors of t.
2, 3
Suppose -14*h + 78 = -11*h. Let a = -17 + h. Let k(j) = -j**2 + 12*j - 15. List the prime factors of k(a).
2, 3
Let h = -2 + -11. Let q(t) = 13 - 14*t**2 + 3*t**3 - 2*t**3 + 28*t**2 + 3*t. What are the prime factors of q(h)?
11, 13
Let x(s) = -2924*s + 49. Let m be x(-1). Suppose 5*z = 8668 - m. List the prime factors of z.
17, 67
Suppose 43 = 2*y + 51. What are the prime factors of y/(-1 - 1)*(225 + 3)?
2, 3, 19
Let z = -48795 - -76241. What are the prime factors of z?
2, 13723
Let d be (10/4)/(6 - (-122)/(-20)). Let l(i) = 5*i**3 - i + 6. Let o be l(4). List the prime factors of (-15)/d - o/(-5).
5, 13
Suppose -4*x + 519 = 5*c, 23 = -4*x + 7. Let j = -261 - -186. Let q = c + j. List the prime factors of q.
2
Let p(c) = 189*c**2 - 293*c - 20. List the prime factors of p(10).
2, 5, 11, 29
Suppose 59*y + 6489216 = 144*y + 43*y. What are the prime factors of y?
3, 43, 131
Let h be (3 - (-10)/(-4))/(2/8). Suppose 1030 = 3*x - h*r + 6*r